{"id":2,"date":"2010-11-27T13:18:42","date_gmt":"2010-11-27T13:18:42","guid":{"rendered":"http:\/\/franns.de\/blog\/?page_id=2"},"modified":"2024-01-16T10:58:38","modified_gmt":"2024-01-16T10:58:38","slug":"about","status":"publish","type":"page","link":"http:\/\/franns.de\/?page_id=2","title":{"rendered":"\u00dcber FRANNS"},"content":{"rendered":"<p><a href=\"http:\/\/franns.de\/wp-content\/uploads\/2011\/10\/ueber_franns.jpg\"><img decoding=\"async\" loading=\"lazy\" class=\"alignnone size-full wp-image-1583\" title=\"\u00dcber FRANNS\" src=\"http:\/\/franns.de\/wp-content\/uploads\/2011\/10\/ueber_franns.jpg\" alt=\"\u00dcber FRANNS\" width=\"480\" height=\"220\" srcset=\"http:\/\/franns.de\/wp-content\/uploads\/2011\/10\/ueber_franns.jpg 480w, http:\/\/franns.de\/wp-content\/uploads\/2011\/10\/ueber_franns-300x137.jpg 300w\" sizes=\"(max-width: 480px) 100vw, 480px\" \/><\/a><\/p>\n<p><em><strong>&#8222;Mainburg hat viel zu bieten, aber es wird nicht oft genug dar\u00fcber gesprochen.&#8220; <\/strong><\/em>Solche oder so \u00e4hnliche Kommentare bildeten den Ursprung hinter der Idee von FRANNS. Zusammen mit euch &#8211; unseren Lesern, Fans und Helfern &#8211; tun wir etwas dagegen!<\/p>\n<div id=\"attachment_1582\" style=\"width: 490px\" class=\"wp-caption alignnone\"><a href=\"http:\/\/franns.de\/wp-content\/uploads\/2011\/10\/franns_behind.jpg\"><img aria-describedby=\"caption-attachment-1582\" decoding=\"async\" loading=\"lazy\" class=\"size-full wp-image-1582\" title=\"J\u00f6rg Rudloff und Michaela Ertl\" src=\"http:\/\/franns.de\/wp-content\/uploads\/2011\/10\/franns_behind.jpg\" alt=\"J\u00f6rg Rudloff und Michaela Ertl\" width=\"480\" height=\"220\" srcset=\"http:\/\/franns.de\/wp-content\/uploads\/2011\/10\/franns_behind.jpg 480w, http:\/\/franns.de\/wp-content\/uploads\/2011\/10\/franns_behind-300x137.jpg 300w\" sizes=\"(max-width: 480px) 100vw, 480px\" \/><\/a><p id=\"caption-attachment-1582\" class=\"wp-caption-text\">J\u00f6rg Rudloff und Michaela Ertl<\/p><\/div>\n<p>Mit Beitr\u00e4gen von, mit und \u00fcber euch und Mainburg wollen wir begeistern und inspirieren \u2013 denn wir alle machen Mainburg zu der Stadt, die sie ist! Wer FRANNS unterst\u00fctzt, unterst\u00fctzt die Vielfalt Mainburgs. FRANNS gibt euch eine Plattform f\u00fcr eure Interessen und W\u00fcnsche.<\/p>\n<p><em><strong>Wie kann ich mitmachen?<\/strong><\/em><br \/>\nWerde Teil der stetig wachsenden FRANNS-Facebook-Community <a href=\"http:\/\/www.facebook.com\/FrannsMagazin\" target=\"_blank\" rel=\"noopener noreferrer\">www.facebook.com\/FrannsMagazin<\/a> oder schreibe uns eine E-Mail an info@franns.de.<\/p>\n<p><em><strong>Ich veranstalte eine Party, Ausstellung, etc. Druckt ihr sowas in FRANNS?<\/strong><\/em><br \/>\nJa. Meldet euren Termin und er landet im FRANNS-Veranstaltungskalender &#8211; nat\u00fcrlich kostenlos.<\/p>\n<p><em><strong>Wie werde ich FRANNS-Covermodel?<\/strong><\/em><br \/>\nWie du FRANNS-Covermodel wirst, liest du <a href=\"http:\/\/franns.de\/?page_id=76\" target=\"_self\" rel=\"noopener noreferrer\">HIER<\/a>.<\/p>\n<p><em><strong>Wie kann ich eine Anzeige in FRANNS platzieren?<\/strong><\/em><br \/>\nWende dich einfach an die Redaktion unter Tel. 08751 7088410 oder via E-Mail redaktion@franns.de.<\/p>\n<p>&nbsp;<\/p>\n<h3><span style=\"color: #000000;\"><strong>Wo wird FRANNS ausgelegt?<\/strong><\/span><\/h3>\n<p>FRANNS wird in ganz Mainburg und der Umgebung ausgelegt. Hier eine \u00dcbersicht:<\/p>\n<h3>Mainburg<\/h3>\n<p>Biberbau, Kneipe, Watzliweg 10, 84048 Mainburg<\/p>\n<p>Blumenpassage,\u00a0 Mittertorstr. 9,\u00a0 84048 Mainburg<\/p>\n<p>Bugl, Caf\u00e9, Konditorei, Abensberger Str. 16, 84048 Mainburg<\/p>\n<p>Caf\u00e9 Rita, Landshuter Str. 1, 84048 Mainburg<\/p>\n<p>Chao-Ba, Restaurant, Marktplatz 12, 84048 Mainburg<\/p>\n<p>Chaplin, Bar und Bistro, Paul-Nappenbach-Str. 15, 84048 Mainburg<\/p>\n<p>Fahrschule Pro Drive, Bahnhofstra\u00dfe 8, 84048 Mainburg<\/p>\n<p>Friseur Haargenau H\u00f6sl, Abensberger Str. 36a, 84048 Mainburg<\/p>\n<p>MAI Hair Friseure, Abensberger Str. 24, 84048 Mainburg<\/p>\n<p>Das Haaratelier, Landshuter Stra\u00dfe 28, 84048 Mainburg<\/p>\n<p>Friseur Kerstin Frank, Strass\u00e4cker 10, 84048 Mainburg<\/p>\n<p>Galerie, Bistro, Bar, Gabelsbergerstr. 7, 84048 Mainburg<\/p>\n<p>K\u00f6hler, VW Autohaus, Max-Spenger-Str. 11, 84048 Mainburg<\/p>\n<p>Mina, Restaurant, Gabelsberger Str. 1, 84048 Mainburg<\/p>\n<p>Lutzenburger, Scharfstra\u00dfe 1, 84048 Mainburg<\/p>\n<p>Mc Donald\u2019s, Stra\u00df\u00e4cker 2, 84048 Mainburg<\/p>\n<p>MAI Caf\u00e9, Cafeteria, Landshuter Str. 2, 84048 Mainburg<\/p>\n<p>Mode M\u00fcller, Bahnhofstra\u00dfe 16, 84048 Mainburg<\/p>\n<p>Optik Anthofer, Abensberger Str. 46, 84048 Mainburg<\/p>\n<p>Osteria a modo mio, Restaurant, Landshuter Str. 1, 84048 Mainburg<\/p>\n<p>REWE Haberkorn, Stra\u00df\u00e4cker 3, 84048 Mainburg<\/p>\n<p>Schuhhaus Zirngibl, Poststr. 4, 84048 Mainburg<\/p>\n<p>Seidlbr\u00e4u, Restaurant, Liebfrauenstr. 3, 84048 Mainburg<\/p>\n<p>Tankstelle Aral, Freisinger Str. 21, 84048 Mainburg<\/p>\n<p>Tankstelle Oil!, Karl-Benz-Stra\u00dfe 1, 84048 Mainburg<\/p>\n<p>Taverne Dionysos, Gabelsbergerstr. 4, 84048 Mainburg<\/p>\n<p>The Sour Cherry, Fotostudio\/Werbeagentur, Freisinger Str. 2, 84048 Mainburg<\/p>\n<p>Veneto, Eiscaf\u00e9, Abensberger Str. 7, 84048 Mainburg<\/p>\n<p>vhs Mainburg, Mitterweg 8, 84048 Mainburg<\/p>\n<p>Weinmayer e.K., B\u00fcrobedarf und B\u00fccher, Bahnhofstra\u00dfe 4, 84048 Mainburg<\/p>\n<p>Ziegler Br\u00e4u, Scharfstr. 22, 84048 Mainburg<\/p>\n<h3><strong>Appersdorf<\/strong><\/h3>\n<p>Woga, Textildruck, Hauptstrasse 19, 84094 Appersdorf\/Elsendorf<\/p>\n<p>Gasthof Bauer, Hauptstrasse 16, 84094 Appersdorf\/Elsendorf<\/p>\n<h3>Grossgundertshausen<\/h3>\n<p>Stadler Hof, Dorfstr. 15, 84104 Grossgundertshausen<\/p>\n<h3><strong>Meilenhofen<\/strong><\/h3>\n<p>Friseur Verena, Meilenhofener Str. 7, 84048 Meilenhofen<\/p>\n<h3>Puttenhausen<\/h3>\n<p>Gasthaus Bauer\/ Kastner, \u00c4u\u00dfere Freisinger Str. 9, 84048 Puttenhausen<\/p>\n<h3><strong>Sandelzhausen<\/strong><\/h3>\n<p>B\u00e4ckerei Schadenfroh, \u00c4u\u00dfere Landshuter Str. 57, 84048 Sandelzhausen<\/p>\n<p>Friseur Il Capello, S\u00fcdstra\u00dfe 1, 84048 Sandelzhausen<\/p>\n<p>Sparkasse Sandelzhausen, \u00c4u\u00dfere Landshuter Str. 44, 84048 Sandelzhausen<\/p>\n<p>Voit, Autohaus\/Tankstelle,\u00a0 \u00c4u\u00dfere Landshuter Str. 38,\u00a0 84048 Sandelzhausen<\/p>\n<p>Food Bar ST2049, \u00c4u\u00dfere Landshuter Str. 38, 84048 Sandelzhausen<\/p>\n<p>&nbsp;<\/p>\n<h3><strong>Du m\u00f6chtest FRANNS auslegen? Gerne!<\/strong><\/h3>\n<p>Schreibe uns einfach, wo wir FRANNS in Zukunft auch vorbeibringen d\u00fcrfen: <a href=\"mailto:info@franns.de\">info@franns.de<\/a><\/p>\n<p>&nbsp;<\/p>\n","protected":false},"excerpt":{"rendered":"<p class=\"qua-blog-post-description\">&#8222;Mainburg hat viel zu bieten, aber es wird nicht oft genug dar\u00fcber gesprochen.&#8220; Solche oder so \u00e4hnliche Kommentare bildeten den Ursprung hinter der Idee von FRANNS. Zusammen mit euch &#8211; unseren Lesern, Fans und Helfern &#8211; tun wir etwas dagegen! Mit Beitr\u00e4gen von, mit und \u00fcber euch und Mainburg wollen wir begeistern und inspirieren \u2013 [&hellip;]<\/p>\n","protected":false},"author":1,"featured_media":0,"parent":0,"menu_order":0,"comment_status":"closed","ping_status":"closed","template":"","meta":{"footnotes":""},"_links":{"self":[{"href":"http:\/\/franns.de\/index.php?rest_route=\/wp\/v2\/pages\/2"}],"collection":[{"href":"http:\/\/franns.de\/index.php?rest_route=\/wp\/v2\/pages"}],"about":[{"href":"http:\/\/franns.de\/index.php?rest_route=\/wp\/v2\/types\/page"}],"author":[{"embeddable":true,"href":"http:\/\/franns.de\/index.php?rest_route=\/wp\/v2\/users\/1"}],"replies":[{"embeddable":true,"href":"http:\/\/franns.de\/index.php?rest_route=%2Fwp%2Fv2%2Fcomments&post=2"}],"version-history":[{"count":26,"href":"http:\/\/franns.de\/index.php?rest_route=\/wp\/v2\/pages\/2\/revisions"}],"predecessor-version":[{"id":18879,"href":"http:\/\/franns.de\/index.php?rest_route=\/wp\/v2\/pages\/2\/revisions\/18879"}],"wp:attachment":[{"href":"http:\/\/franns.de\/index.php?rest_route=%2Fwp%2Fv2%2Fmedia&parent=2"}],"curies":[{"name":"wp","href":"https:\/\/api.w.org\/{rel}","templated":true}]}}